z?
3, 311
Let n = -1798 + 2533. Let l = n - 499. List the prime factors of l.
2, 59
Let h(m) = -m + 42. Let k = -36 + 36. List the prime factors of h(k).
2, 3, 7
Suppose -2*s - a - 1 = -2*a, -19 = -2*s - 3*a. Suppose 5*q = 0, 5*i - s*q - 242 = 88. Suppose 0 = -4*p - 18 + i. What are the prime factors of p?
2, 3
List the prime factors of (-24)/(-21) - (-43640)/35.
2, 3, 13
Suppose 0 = -4*d + u + 328, 5*d - 277 = 5*u + 118. Let x = 185 - d. What are the prime factors of x?
2, 3, 17
Let l(h) = -h**2 - h - 1. Let x(k) = -4 + 5 + 3 + 5*k**2 + k. Let j(p) = 2*l(p) + x(p). List the prime factors of j(3).
2, 13
Suppose 42*h - 37*h = 2*v + 2618, 5*v = 3*h - 1567. List the prime factors of h.
2, 131
Suppose -5*c = 15, 2*g = g - 4*c + 201. Suppose -2*z + t + 76 = 4*t, 0 = -5*z + 4*t + g. Let r = 67 - z. What are the prime factors of r?
2, 13
Let h be (-3)/(3/40*2). Let x = h + 23. Suppose -58 = c - x*c. List the prime factors of c.
29
Suppose -3 = 4*m - 5*m. Suppose v + m*v = 84. Suppose 4*s - s - v = 0. List the prime factors of s.
7
Let i(n) = -n - 5. Let k be i(-5). Suppose 0*j + 3*j - 48 = k. Suppose 4*t - j = 88. What are the prime factors of t?
2, 13
Suppose 3*f + 2*d - 79 = 0, -49 = -f + 5*d - 0*d. Let a = 58 - f. List the prime factors of a.
29
Suppose -24*j = -23*j + 2. What are the prime factors of 109 - (j + -3)*-1?
2, 13
Suppose 12*v - 50994 + 906 = 0. What are the prime factors of v?
2, 2087
Let t = -21 + 10. Let w = t + 13. Suppose 5*z - 2*p - 30 = 0, -4*z - w*p + p = -24. What are the prime factors of z?
2, 3
Suppose h + 6 = 3*h. Suppose -x + 3*x - 8 = -4*y, -3*y + 6 = h*x. Suppose -61 = -y*a - 21. What are the prime factors of a?
2, 5
What are the prime factors of 9944/33*99/6?
2, 11, 113
Let i(m) = 29*m + 88. List the prime factors of i(18).
2, 5, 61
Suppose 2*a - 20 = 2*o, 2*o + 8*a = 6*a - 40. Let h(p) = 2*p**2 + 26*p - 34. List the prime factors of h(o).
2, 13
Let t(k) = -k**3 + 9*k**2 + 13*k - 18. Let p be t(8). Let j = p - 85. List the prime factors of j.
5, 13
Let w(y) be the second derivative of 1/20*y**5 - 6*y - 11/12*y**4 + 13/6*y**3 - y**2 + 0. List the prime factors of w(10).
2, 7
Let w(q) = -5*q**3 - 3*q**2 + 3*q + 4. Let l(a) = -11*a**3 - 7*a**2 + 7*a + 7. Let o(k) = 4*l(k) - 9*w(k). List the prime factors of o(4).
2, 11
List the prime factors of 724/(-8)*(-10 + 8).
181
Suppose -54 = -17*l + 14. Let u(m) = 54*m + 26. What are the prime factors of u(l)?
2, 11
What are the prime factors of (-1)/4*(-72)/(-27)*-183?
2, 61
List the prime factors of (((-270)/12)/15)/((-1)/1354).
3, 677
Let g(k) = k**3 - 2*k**2 + 4*k - 5. Let s(j) = j**2 - 9*j + 4. Let q be s(8). Let b be ((-18)/(-15))/(q/(-10)). What are the prime factors of g(b)?
2
Let o(j) be the third derivative of j**6/30 - j**5/120 - j**3/6 + j**2. Let l(s) be the first derivative of o(s). List the prime factors of l(1).
11
Let n(a) = -a**3 - 5*a**2 + 7*a + 8. Let h be n(-6). Let c be -1 - 4/h*6. Let u = c + 28. What are the prime factors of u?
3, 5
Suppose 5*q = 6*q + 5*o - 750, 0 = 5*o - 25. List the prime factors of q.
5, 29
Let r = -608 + 1381. List the prime factors of r.
773
Suppose 25*c + 13440 = 37*c. What are the prime factors of c?
2, 5, 7
Let o(j) = -8*j**2 + 552. What are the prime factors of o(0)?
2, 3, 23
Suppose 5*k + 12 = -2*l + 3, -2*l = -6. What are the prime factors of 4 - (-19 + (k - 1))?
3
Let l be 0/(-11 - -8) + -1 + -1. Let v(s) = -19*s**3 + 2*s**2 - 2*s - 3. What are the prime factors of v(l)?
7, 23
What are the prime factors of (-79)/(6 + -1 - 6)?
79
Suppose -2*t = -i - 568 + 145, -213 = -t - i. Suppose -5*j + 2*k + 265 = 0, -4*j + 0*k = -4*k - t. What are the prime factors of j?
53
List the prime factors of -6 + ((-432)/(-90))/((-2)/(-485)).
2, 3, 193
Let k(a) = 2*a**2 - 22*a + 62. Let f be k(19). Suppose 3*n + 51 = f. What are the prime factors of n?
3, 5, 7
Let v = 58 - 62. Let s(f) = f**3 + 5*f**2 - 4*f + 4. What are the prime factors of s(v)?
2, 3
Let r(z) = -z**3 - 27*z**2 - 15*z + 53. What are the prime factors of r(-28)?
3, 419
Let f(k) = -k - 1. Let v(c) = 7*c + 3. Let i(b) = -24*f(b) - 3*v(b). Let n(l) = 6*l. Let w be n(2). What are the prime factors of i(w)?
3, 17
Let w = 10255 - 5476. What are the prime factors of w?
3, 59
Let y be (0 - 1/1)*324/(-3). Suppose -2*t + y = -2. What are the prime factors of t?
5, 11
What are the prime factors of (-1050)/45*(2 - 35)?
2, 5, 7, 11
Let r be -8*(-4)/8 + 0. Let d be 18 - (-3 + 3)/r. Suppose 16 = 5*n - 3*p, 2*n - d = -3*n + 4*p. List the prime factors of n.
2
Let h(t) = -t**3 + 4*t**2 - t + 1. Let i be h(4). Let c = i + 15. Let z = 33 - c. What are the prime factors of z?
3, 7
Let h = -138 + 249. Suppose b + 129 = 2*s, 3*s + 2*b - 100 = h. What are the prime factors of s?
67
Suppose 19*l - 16*l - 1017 = -o, o - 5*l - 1025 = 0. List the prime factors of o.
2, 3, 5, 17
Suppose -t + r = -1, -2*r + 18 = -0*t + 3*t. Suppose t*z - 24 - 20 = 0. List the prime factors of z.
11
Let j = 4 + 0. Let q = 12 - j. Suppose 3*m - 7 + 3 = -2*b, m - q = -2*b. What are the prime factors of b?
5
Suppose 2*x = -3*x + 10. Suppose -3*j - 2*w + 15 + 116 = 0, -4*j + x*w = -170. List the prime factors of j.
43
Let y(k) = 40*k**3 - 5*k**2 + 4*k + 1. What are the prime factors of y(2)?
3, 103
Suppose 1 = 4*t - 3*b - 20, 2*b = -4*t + 6. Suppose 3*k + z = 41, 2*k - 63 = -3*k - t*z. What are the prime factors of -30*((-72)/k)/4?
2, 3
Suppose 5*c = 363 + 22. List the prime factors of c.
7, 11
Let n(y) = -63*y - 4. Let a be n(-3). Suppose -i = -a - 4. What are the prime factors of i?
3, 7
Let u = -25 + 25. Suppose -5*d - 139 = -2*h + 52, u = 3*h - 3*d - 273. List the prime factors of h.
2, 11
Let t(w) = -3*w**3 - 10*w**2 - 2*w - 25. What are the prime factors of t(-7)?
2, 3, 11
Let z(b) = 5*b - 10. Let n(h) = 3*h + 4. Let l be n(-4). Let f be z(l). Let u = -33 - f. What are the prime factors of u?
17
Suppose 4*x + 613 = 3989. What are the prime factors of x?
2, 211
Let m = -5 + -39. Let n = -189 + 183. What are the prime factors of (m/6)/(n/27)?
3, 11
Suppose 0 = 39*c - 40*c + 927. What are the prime factors of c?
3, 103
Suppose 29*n = 51*n - 10274. What are the prime factors of n?
467
Suppose -8*f - 35 = -9*f. Suppose 2*g = 23 + f. List the prime factors of g.
29
Suppose -76914 = -122*u + 369240. What are the prime factors of u?
3, 23, 53
What are the prime factors of (-3)/(((-18)/3)/558)?
3, 31
Let q be (4/(4/(-81)))/(-1). Suppose 0 = 5*m + p - 43, 7 = -5*m + 6*m + p. Suppose q = 4*b + m. What are the prime factors of b?
2, 3
Suppose 5*n = 4*i - 1653, -3*n = i + 3*i - 1645. List the prime factors of i.
2, 103
Let s(f) = -f**3 - 20*f**2 - 37*f - 198. List the prime factors of s(-26).
2, 5, 241
Let s(q) = q**3 - 10*q**2 + 12*q - 13. Suppose 2*x - 4*d - 10 = 0, 3*x - 3*d - 11 = 1. Let v = 12 - x. What are the prime factors of s(v)?
2, 7
Let j be ((-3)/9*-3)/(2/6). What are the prime factors of 136/51*j*12?
2, 3
Let d(w) = w**3 + 11*w**2 - 2*w - 28. Let z(m) = 1. Let q(f) = -d(f) - z(f). What are the prime factors of q(-11)?
5
Suppose 29*x = -42*x + 35642. List the prime factors of x.
2, 251
Let c be (-22 - -13)*(-10)/3. Let z(m) = c*m - 51*m + 27*m - 3 + m**2. What are the prime factors of z(-10)?
37
Let o(r) = -4*r**2 + 5*r + 17. Let j(d) = 2*d**2 - 3*d - 9. Let k(z) = 5*j(z) + 3*o(z). Let i be k(-4). List the prime factors of 2443/91 + (-4)/i.
3
Let k(n) be the third derivative of 5*n**4/12 + n**3/3 + 4*n**2. Suppose 0*f + f - 14 = -3*j, j = 5*f - 22. What are the prime factors of k(j)?
2
Suppose 15 = -3*c - 0, 5*c + 17 = -4*n. Let x(r) = r**2 - 12*r + 4. Let y be x(12). Suppose -n = m + y*q - 21, -4*m + q + 161 = 0. List the prime factors of m.
3, 13
Suppose 14*k - 1751 = -3*b + 18*k, 3*b - 2*k - 1753 = 0. List the prime factors of b.
3, 5, 13
Let j = -3 - -7. Let k(b) = -b**3 + b**2 + 2*b + 40. Let x be k(0). What are the prime factors of -4 + 5*x/j?
2, 23
List the prime factors of (-68)/(-14) - 5 - (-16595)/35.
2, 3, 79
Let g = -250 + 1055. List the prime factors of g.
5, 7, 23
Suppose -8*h + 1098 - 74 = 0. What are the prime factors of h?
2
Suppose 8*v = 11*v - 1536. What are the prime factors of v?
2
Suppose -j = 3*w - 14, 2*j = -5*w + 16 + 8. Suppose h + 22 = 4*h + 2*i, 0 = w*i + 4. List the prime factors of 12*(h/(-6) + 